der when 2196 is divided by 8.
4
Calculate the remainder when 277 is divided by 43.
19
What is the remainder when 1292 is divided by 18?
14
Calculate the remainder when 797 is divided by 91.
69
Calculate the remainder when 3322 is divided by 78.
46
Calculate the remainder when 1566 is divided by 8.
6
What is the remainder when 87 is divided by 55?
32
Calculate the remainder when 133 is divided by 34.
31
What is the remainder when 555 is divided by 269?
17
What is the remainder when 485 is divided by 207?
71
Calculate the remainder when 121 is divided by 45.
31
What is the remainder when 261 is divided by 33?
30
What is the remainder when 319 is divided by 156?
7
What is the remainder when 105 is divided by 51?
3
What is the remainder when 1389 is divided by 232?
229
What is the remainder when 59 is divided by 26?
7
What is the remainder when 89 is divided by 13?
11
Calculate the remainder when 159 is divided by 28.
19
What is the remainder when 353 is divided by 28?
17
What is the remainder when 3334 is divided by 29?
28
What is the remainder when 2147 is divided by 25?
22
Calculate the remainder when 134 is divided by 8.
6
What is the remainder when 180 is divided by 61?
58
What is the remainder when 159 is divided by 80?
79
Calculate the remainder when 1162 is divided by 17.
6
What is the remainder when 4692 is divided by 94?
86
What is the remainder when 136 is divided by 43?
7
Calculate the remainder when 4035 is divided by 24.
3
Calculate the remainder when 258 is divided by 52.
50
What is the remainder when 1173 is divided by 86?
55
What is the remainder when 7832 is divided by 21?
20
Calculate the remainder when 987 is divided by 191.
32
What is the remainder when 149 is divided by 89?
60
Calculate the remainder when 1942 is divided by 644.
10
Calculate the remainder when 335 is divided by 28.
27
What is the remainder when 228 is divided by 18?
12
What is the remainder when 1143 is divided by 1131?
12
Calculate the remainder when 494 is divided by 328.
166
Calculate the remainder when 427 is divided by 9.
4
Calculate the remainder when 460 is divided by 131.
67
Calculate the remainder when 1296 is divided by 11.
9
What is the remainder when 72 is divided by 20?
12
Calculate the remainder when 471 is divided by 41.
20
What is the remainder when 175 is divided by 30?
25
What is the remainder when 50 is divided by 10?
0
What is the remainder when 925 is divided by 31?
26
What is the remainder when 457 is divided by 114?
1
Calculate the remainder when 148 is divided by 47.
7
What is the remainder when 2517 is divided by 18?
15
Calculate the remainder when 798 is divided by 485.
313
Calculate the remainder when 18 is divided by 14.
4
What is the remainder when 36959 is divided by 6?
5
What is the remainder when 129 is divided by 62?
5
Calculate the remainder when 3541 is divided by 169.
161
What is the remainder when 117 is divided by 106?
11
What is the remainder when 426 is divided by 154?
118
Calculate the remainder when 2177 is divided by 7.
0
Calculate the remainder when 207 is divided by 120.
87
Calculate the remainder when 1241 is divided by 59.
2
What is the remainder when 1487 is divided by 62?
61
What is the remainder when 480 is divided by 43?
7
What is the remainder when 53 is divided by 12?
5
Calculate the remainder when 46 is divided by 24.
22
Calculate the remainder when 1204 is divided by 239.
9
What is the remainder when 66 is divided by 22?
0
What is the remainder when 215 is divided by 9?
8
Calculate the remainder when 233 is divided by 81.
71
What is the remainder when 5144 is divided by 143?
139
What is the remainder when 623 is divided by 57?
53
Calculate the remainder when 1386 is divided by 174.
168
Calculate the remainder when 2319 is divided by 16.
15
What is the remainder when 67 is divided by 30?
7
What is the remainder when 355 is divided by 35?
5
What is the remainder when 96 is divided by 11?
8
Calculate the remainder when 516 is divided by 106.
92
What is the remainder when 5359 is divided by 1335?
19
What is the remainder when 149 is divided by 52?
45
What is the remainder when 566 is divided by 72?
62
Calculate the remainder when 75 is divided by 36.
3
What is the remainder when 690 is divided by 30?
0
What is the remainder when 306 is divided by 14?
12
What is the remainder when 109 is divided by 38?
33
What is the remainder when 1573 is divided by 15?
13
What is the remainder when 15 is divided by 12?
3
What is the remainder when 350 is divided by 92?
74
Calculate the remainder when 75 is divided by 16.
11
What is the remainder when 808 is divided by 32?
8
Calculate the remainder when 209 is divided by 112.
97
What is the remainder when 1746 is divided by 46?
44
Calculate the remainder when 88 is divided by 12.
4
Calculate the remainder when 168 is divided by 101.
67
Calculate the remainder when 537 is divided by 9.
6
Calculate the remainder when 264 is divided by 14.
12
What is the remainder when 292 is divided by 20?
12
Calculate the remainder when 2144 is divided by 15.
14
What is the remainder when 40 is divided by 9?
4
Calculate the remainder when 209 is divided by 26.
1
What is the remainder when 109 is divided by 5?
4
Calculate the remainder when 28838 is divided by 103.
101
Calculate the remainder when 6835 is divided by 159.
157
Calculate the remainder when 415 is divided by 171.
73
Calculate the remainder when 390 is divided by 23.
22
Calculate the remainder when 1051 is divided by 117.
115
Calculate the remainder when 2387 is divided by 114.
107
Calculate the remainder when 821 is divided by 406.
9
Calculate the remainder when 231 is divided by 81.
69
Calculate the remainder when 269 is divided by 165.
104
What is the remainder when 814 is divided by 78?
34
Calculate the remainder when 7820 is divided by 3908.
4
What is the remainder when 91 is divided by 53?
38
Calculate the remainder when 24 is divided by 5.
4
What is the remainder when 93 is divided by 4?
1
What is the remainder when 186 is divided by 16?
10
Calculate the remainder when 236 is divided by 14.
12
What is the remainder when 2083 is divided by 14?
11
Calculate the remainder when 3138 is divided by 157.
155
Calculate the remainder when 2262 is divided by 9.
3
Calculate the remainder when 69 is divided by 5.
4
Calculate the remainder when 667 is divided by 174.
145
What is the remainder when 589 is divided by 316?
273
Calculate the remainder when 3118 is divided by 240.
238
Calculate the remainder when 1407 is divided by 377.
276
What is the remainder when 2391 is divided by 26?
25
Calculate the remainder when 2856 is divided by 22.
18
Calculate the remainder when 126 is divided by 28.
14
What is the remainder when 73 is divided by 21?
10
Calculate the remainder when 1986 is divided by 327.
24
What is the remainder when 374 is divided by 25?
24
Calculate the remainder when 210 is divided by 205.
5
What is the remainder when 195 is divided by 17?
8
Calculate the remainder when 541 is divided by 53.
11
What is the remainder when 5282 is divided by 23?
15
What is the remainder when 406 is divided by 105?
91
Calculate the remainder when 670 is divided by 75.
70
What is the remainder when 237 is divided by 78?
3
What is the remainder when 1107 is divided by 359?
30
Calculate the remainder when 696 is divided by 233.
230
Calculate the remainder when 326 is divided by 194.
132
What is the remainder when 59 is divided by 21?
17
What is the remainder when 260 is divided by 14?
8
Calculate the remainder when 1454 is divided by 27.
23
What is the remainder when 1185 is divided by 54?
51
Calculate the remainder when 27 is divided by 7.
6
What is the remainder when 330 is divided by 166?
164
Calculate the remainder when 838 is divided by 6.
4
What is the remainder when 436 is divided by 43?
6
What is the remainder when 71 is divided by 22?
5
What is the remainder when 3614 is divided by 16?
14
What is the remainder when 273 is divided by 74?
51
What is the remainder when 1441 is divided by 714?
13
Calculate the remainder when 4157 is divided by 245.
237
What is the remainder when 1436 is divided by 111?
104
Calculate the remainder when 46 is divided by 5.
1
What is the remainder when 125 is divided by 57?
11
What is the remainder when 1895